{"id":84,"date":"2023-01-25T14:11:41","date_gmt":"2023-01-25T13:11:41","guid":{"rendered":"https:\/\/conference-test.anfr.fr\/?page_id=84"},"modified":"2023-03-21T10:53:22","modified_gmt":"2023-03-21T09:53:22","slug":"archives","status":"publish","type":"page","link":"https:\/\/conference.anfr.fr\/?page_id=84","title":{"rendered":"Archives"},"content":{"rendered":"\t\t<div data-elementor-type=\"wp-page\" data-elementor-id=\"84\" class=\"elementor elementor-84\">\n\t\t\t\t\t\t<section class=\"elementor-section elementor-top-section elementor-element elementor-element-2ab03e3 elementor-section-stretched elementor-section-boxed elementor-section-height-default elementor-section-height-default\" data-id=\"2ab03e3\" data-element_type=\"section\" data-settings=\"{&quot;stretch_section&quot;:&quot;section-stretched&quot;}\">\n\t\t\t\t\t\t<div class=\"elementor-container elementor-column-gap-default\">\n\t\t\t\t\t<div class=\"elementor-column elementor-col-33 elementor-top-column elementor-element elementor-element-f395216\" data-id=\"f395216\" data-element_type=\"column\">\n\t\t\t<div class=\"elementor-widget-wrap elementor-element-populated\">\n\t\t\t\t\t\t<div class=\"elementor-element elementor-element-3a1297c elementor-widget elementor-widget-image\" data-id=\"3a1297c\" data-element_type=\"widget\" data-widget_type=\"image.default\">\n\t\t\t\t<div class=\"elementor-widget-container\">\n\t\t\t\t\t\t\t\t\t\t\t\t\t\t\t\t<a href=\"https:\/\/www.anfr.fr\/accueil\">\n\t\t\t\t\t\t\t<img fetchpriority=\"high\" decoding=\"async\" width=\"446\" height=\"190\" src=\"https:\/\/conference.anfr.fr\/wp-content\/uploads\/2023\/01\/BLOC_MARQUE_RF_ANFR.png\" class=\"attachment-large size-large wp-image-37\" alt=\"\" \/>\t\t\t\t\t\t\t\t<\/a>\n\t\t\t\t\t\t\t\t\t\t\t\t\t\t\t<\/div>\n\t\t\t\t<\/div>\n\t\t\t\t\t<\/div>\n\t\t<\/div>\n\t\t\t\t<div class=\"elementor-column elementor-col-33 elementor-top-column elementor-element elementor-element-42569b1\" data-id=\"42569b1\" data-element_type=\"column\">\n\t\t\t<div class=\"elementor-widget-wrap elementor-element-populated\">\n\t\t\t\t\t\t<div class=\"elementor-element elementor-element-7049b61 elementor-widget elementor-widget-image\" data-id=\"7049b61\" data-element_type=\"widget\" data-widget_type=\"image.default\">\n\t\t\t\t<div class=\"elementor-widget-container\">\n\t\t\t\t\t\t\t\t\t\t\t\t\t\t\t\t<a href=\"https:\/\/conference.anfr.fr\/\">\n\t\t\t\t\t\t\t<img decoding=\"async\" width=\"900\" height=\"330\" src=\"https:\/\/conference.anfr.fr\/wp-content\/uploads\/2023\/01\/Logo_Spectre_Innovation-002_Page_3.png\" class=\"attachment-large size-large wp-image-916\" alt=\"\" \/>\t\t\t\t\t\t\t\t<\/a>\n\t\t\t\t\t\t\t\t\t\t\t\t\t\t\t<\/div>\n\t\t\t\t<\/div>\n\t\t\t\t\t<\/div>\n\t\t<\/div>\n\t\t\t\t<div class=\"elementor-column elementor-col-33 elementor-top-column elementor-element elementor-element-1f5a085\" data-id=\"1f5a085\" data-element_type=\"column\">\n\t\t\t<div class=\"elementor-widget-wrap elementor-element-populated\">\n\t\t\t\t\t\t<div class=\"elementor-element elementor-element-c668035 elementor-shape-circle e-grid-align-right e-grid-align-mobile-center elementor-grid-0 elementor-widget elementor-widget-social-icons\" data-id=\"c668035\" data-element_type=\"widget\" data-widget_type=\"social-icons.default\">\n\t\t\t\t<div class=\"elementor-widget-container\">\n\t\t\t\t\t\t\t<div class=\"elementor-social-icons-wrapper elementor-grid\" role=\"list\">\n\t\t\t\t\t\t\t<span class=\"elementor-grid-item\" role=\"listitem\">\n\t\t\t\t\t<a class=\"elementor-icon elementor-social-icon elementor-social-icon-facebook-f elementor-repeater-item-e1fa387\" href=\"https:\/\/www.facebook.com\/agencenationaledesfrequences\">\n\t\t\t\t\t\t<span class=\"elementor-screen-only\">Facebook-f<\/span>\n\t\t\t\t\t\t<i class=\"fab fa-facebook-f\"><\/i>\t\t\t\t\t<\/a>\n\t\t\t\t<\/span>\n\t\t\t\t\t\t\t<span class=\"elementor-grid-item\" role=\"listitem\">\n\t\t\t\t\t<a class=\"elementor-icon elementor-social-icon elementor-social-icon-twitter elementor-repeater-item-2b72d36\" href=\"https:\/\/twitter.com\/anfr\">\n\t\t\t\t\t\t<span class=\"elementor-screen-only\">Twitter<\/span>\n\t\t\t\t\t\t<i class=\"fab fa-twitter\"><\/i>\t\t\t\t\t<\/a>\n\t\t\t\t<\/span>\n\t\t\t\t\t\t\t<span class=\"elementor-grid-item\" role=\"listitem\">\n\t\t\t\t\t<a class=\"elementor-icon elementor-social-icon elementor-social-icon-linkedin elementor-repeater-item-0669856\" href=\"https:\/\/www.linkedin.com\/company\/anfr\/?originalSubdomain=fr\">\n\t\t\t\t\t\t<span class=\"elementor-screen-only\">Linkedin<\/span>\n\t\t\t\t\t\t<i class=\"fab fa-linkedin\"><\/i>\t\t\t\t\t<\/a>\n\t\t\t\t<\/span>\n\t\t\t\t\t\t\t<span class=\"elementor-grid-item\" role=\"listitem\">\n\t\t\t\t\t<a class=\"elementor-icon elementor-social-icon elementor-social-icon-youtube elementor-repeater-item-4f873f0\" href=\"https:\/\/www.youtube.com\/@Agencenationaledesfrequences\">\n\t\t\t\t\t\t<span class=\"elementor-screen-only\">Youtube<\/span>\n\t\t\t\t\t\t<i class=\"fab fa-youtube\"><\/i>\t\t\t\t\t<\/a>\n\t\t\t\t<\/span>\n\t\t\t\t\t\t\t<span class=\"elementor-grid-item\" role=\"listitem\">\n\t\t\t\t\t<a class=\"elementor-icon elementor-social-icon elementor-social-icon-flickr elementor-repeater-item-736aa23\" href=\"https:\/\/www.flickr.com\/people\/anfr\/\">\n\t\t\t\t\t\t<span class=\"elementor-screen-only\">Flickr<\/span>\n\t\t\t\t\t\t<i class=\"fab fa-flickr\"><\/i>\t\t\t\t\t<\/a>\n\t\t\t\t<\/span>\n\t\t\t\t\t<\/div>\n\t\t\t\t\t\t<\/div>\n\t\t\t\t<\/div>\n\t\t\t\t\t<\/div>\n\t\t<\/div>\n\t\t\t\t\t<\/div>\n\t\t<\/section>\n\t\t\t\t<section class=\"elementor-section elementor-top-section elementor-element elementor-element-583e131 elementor-section-boxed elementor-section-height-default elementor-section-height-default\" data-id=\"583e131\" data-element_type=\"section\">\n\t\t\t\t\t\t<div class=\"elementor-container elementor-column-gap-default\">\n\t\t\t\t\t<div class=\"elementor-column elementor-col-50 elementor-top-column elementor-element elementor-element-720d076\" data-id=\"720d076\" data-element_type=\"column\">\n\t\t\t<div class=\"elementor-widget-wrap elementor-element-populated\">\n\t\t\t\t\t\t<div class=\"elementor-element elementor-element-6952d28 elementor-align-center elementor-widget elementor-widget-button\" data-id=\"6952d28\" data-element_type=\"widget\" data-widget_type=\"button.default\">\n\t\t\t\t<div class=\"elementor-widget-container\">\n\t\t\t\t\t\t\t\t\t<div class=\"elementor-button-wrapper\">\n\t\t\t\t\t<a class=\"elementor-button elementor-button-link elementor-size-sm\" href=\"https:\/\/conference.anfr.fr\/\">\n\t\t\t\t\t\t<span class=\"elementor-button-content-wrapper\">\n\t\t\t\t\t\t\t\t\t<span class=\"elementor-button-text\">Accueil<\/span>\n\t\t\t\t\t<\/span>\n\t\t\t\t\t<\/a>\n\t\t\t\t<\/div>\n\t\t\t\t\t\t\t\t<\/div>\n\t\t\t\t<\/div>\n\t\t\t\t\t<\/div>\n\t\t<\/div>\n\t\t\t\t<div class=\"elementor-column elementor-col-50 elementor-top-column elementor-element elementor-element-0d2fbe2\" data-id=\"0d2fbe2\" data-element_type=\"column\">\n\t\t\t<div class=\"elementor-widget-wrap elementor-element-populated\">\n\t\t\t\t\t\t<div class=\"elementor-element elementor-element-f090f92 elementor-align-center elementor-widget elementor-widget-button\" data-id=\"f090f92\" data-element_type=\"widget\" data-widget_type=\"button.default\">\n\t\t\t\t<div class=\"elementor-widget-container\">\n\t\t\t\t\t\t\t\t\t<div class=\"elementor-button-wrapper\">\n\t\t\t\t\t<a class=\"elementor-button elementor-button-link elementor-size-sm\" href=\"https:\/\/conference.anfr.fr\/?page_id=84\">\n\t\t\t\t\t\t<span class=\"elementor-button-content-wrapper\">\n\t\t\t\t\t\t\t\t\t<span class=\"elementor-button-text\">Archives<\/span>\n\t\t\t\t\t<\/span>\n\t\t\t\t\t<\/a>\n\t\t\t\t<\/div>\n\t\t\t\t\t\t\t\t<\/div>\n\t\t\t\t<\/div>\n\t\t\t\t\t<\/div>\n\t\t<\/div>\n\t\t\t\t\t<\/div>\n\t\t<\/section>\n\t\t\t\t<section class=\"elementor-section elementor-top-section elementor-element elementor-element-2266029 elementor-section-stretched elementor-section-boxed elementor-section-height-default elementor-section-height-default\" data-id=\"2266029\" data-element_type=\"section\" data-settings=\"{&quot;stretch_section&quot;:&quot;section-stretched&quot;}\">\n\t\t\t\t\t\t<div class=\"elementor-container elementor-column-gap-default\">\n\t\t\t\t\t<div class=\"elementor-column elementor-col-100 elementor-top-column elementor-element elementor-element-8c76641\" data-id=\"8c76641\" data-element_type=\"column\">\n\t\t\t<div class=\"elementor-widget-wrap elementor-element-populated\">\n\t\t\t\t\t\t<div class=\"elementor-element elementor-element-f8d8913 elementor-widget elementor-widget-heading\" data-id=\"f8d8913\" data-element_type=\"widget\" data-widget_type=\"heading.default\">\n\t\t\t\t<div class=\"elementor-widget-container\">\n\t\t\t\t\t<h1 class=\"elementor-heading-title elementor-size-xl\">Archives des conf\u00e9rences pr\u00e9c\u00e9dentes<\/h1>\t\t\t\t<\/div>\n\t\t\t\t<\/div>\n\t\t\t\t\t<\/div>\n\t\t<\/div>\n\t\t\t\t\t<\/div>\n\t\t<\/section>\n\t\t\t\t<section class=\"elementor-section elementor-top-section elementor-element elementor-element-a69db55 elementor-section-stretched elementor-section-boxed elementor-section-height-default elementor-section-height-default\" data-id=\"a69db55\" data-element_type=\"section\" data-settings=\"{&quot;stretch_section&quot;:&quot;section-stretched&quot;}\">\n\t\t\t\t\t\t<div class=\"elementor-container elementor-column-gap-default\">\n\t\t\t\t\t<div class=\"elementor-column elementor-col-100 elementor-top-column elementor-element elementor-element-6948a08\" data-id=\"6948a08\" data-element_type=\"column\">\n\t\t\t<div class=\"elementor-widget-wrap elementor-element-populated\">\n\t\t\t\t\t\t<div class=\"elementor-element elementor-element-23933b8 elementor-widget elementor-widget-toggle\" data-id=\"23933b8\" data-element_type=\"widget\" data-widget_type=\"toggle.default\">\n\t\t\t\t<div class=\"elementor-widget-container\">\n\t\t\t\t\t\t\t<div class=\"elementor-toggle\">\n\t\t\t\t\t\t\t<div class=\"elementor-toggle-item\">\n\t\t\t\t\t<div id=\"elementor-tab-title-3731\" class=\"elementor-tab-title\" data-tab=\"1\" role=\"button\" aria-controls=\"elementor-tab-content-3731\" aria-expanded=\"false\">\n\t\t\t\t\t\t\t\t\t\t\t\t<span class=\"elementor-toggle-icon elementor-toggle-icon-left\" aria-hidden=\"true\">\n\t\t\t\t\t\t\t\t\t\t\t\t\t\t\t<span class=\"elementor-toggle-icon-closed\"><i class=\"fas fa-caret-right\"><\/i><\/span>\n\t\t\t\t\t\t\t\t<span class=\"elementor-toggle-icon-opened\"><i class=\"elementor-toggle-icon-opened fas fa-caret-up\"><\/i><\/span>\n\t\t\t\t\t\t\t\t\t\t\t\t\t<\/span>\n\t\t\t\t\t\t\t\t\t\t\t\t<a class=\"elementor-toggle-title\" tabindex=\"0\">6\u00c8ME \u00c9DITION - 9 mars 2023<\/a>\n\t\t\t\t\t<\/div>\n\n\t\t\t\t\t<div id=\"elementor-tab-content-3731\" class=\"elementor-tab-content elementor-clearfix\" data-tab=\"1\" role=\"region\" aria-labelledby=\"elementor-tab-title-3731\"><ul><li><a style=\"color: #2b55a2;\" href=\"https:\/\/conference.anfr.fr\/?page_id=466\">Le programme<\/a><\/li><li><a style=\"color: #2b55a2;\" href=\"https:\/\/conference.anfr.fr\/?page_id=3047\">Les intervenants<\/a><\/li><li><a style=\"color: #2b55a2;\" href=\"https:\/\/www.flickr.com\/photos\/anfr\/albums\/72177720306743448\">Photos de la conf\u00e9rence<\/a><\/li><\/ul><h5 style=\"color: #c9348c;\"><span style=\"color: #c9348c;\">Nouvelles communications spatiales : eldorado ou Far-West ?<\/span><\/h5><ul><li><a style=\"color: #2b55a2;\" href=\"https:\/\/youtu.be\/l7dpBsAwN8I\">Vid\u00e9o de la premi\u00e8re table ronde<\/a><\/li><li><a style=\"color: #2b55a2;\" href=\"https:\/\/www.anfr.fr\/fileadmin\/mediatheque\/documents\/Conf%C3%A9rence\/Presentation_S_I_TR1.pdf\">Les supports de pr\u00e9sentation<\/a><\/li><\/ul><h5 style=\"color: #c9348c;\">Athl\u00e8tes et stades connect\u00e9s, l&rsquo;innovation \u00e0 l&rsquo;heure des jeux<\/h5><ul><li><a style=\"color: #2b55a2;\" href=\"https:\/\/youtu.be\/rvQZbqmpY8g\">Vid\u00e9o de la seconde table ronde<\/a><\/li><li><a style=\"color: #2b55a2;\" href=\"https:\/\/www.anfr.fr\/fileadmin\/mediatheque\/documents\/Conf%C3%A9rence\/Presentation_S_I_-_TR2.pdf\"><span style=\"color: #2b55a2;\">Les<\/span><span style=\"color: #2b55a2;\"> sup<\/span><span style=\"color: #2b55a2;\">ports<\/span><span style=\"color: #2b55a2;\"> de pr\u00e9sentation<\/span><\/a><\/li><\/ul><\/div>\n\t\t\t\t<\/div>\n\t\t\t\t\t\t\t<div class=\"elementor-toggle-item\">\n\t\t\t\t\t<div id=\"elementor-tab-title-3732\" class=\"elementor-tab-title\" data-tab=\"2\" role=\"button\" aria-controls=\"elementor-tab-content-3732\" aria-expanded=\"false\">\n\t\t\t\t\t\t\t\t\t\t\t\t<span class=\"elementor-toggle-icon elementor-toggle-icon-left\" aria-hidden=\"true\">\n\t\t\t\t\t\t\t\t\t\t\t\t\t\t\t<span class=\"elementor-toggle-icon-closed\"><i class=\"fas fa-caret-right\"><\/i><\/span>\n\t\t\t\t\t\t\t\t<span class=\"elementor-toggle-icon-opened\"><i class=\"elementor-toggle-icon-opened fas fa-caret-up\"><\/i><\/span>\n\t\t\t\t\t\t\t\t\t\t\t\t\t<\/span>\n\t\t\t\t\t\t\t\t\t\t\t\t<a class=\"elementor-toggle-title\" tabindex=\"0\">5\u00c8ME \u00c9DITION - 16 OCTOBRE 2018<\/a>\n\t\t\t\t\t<\/div>\n\n\t\t\t\t\t<div id=\"elementor-tab-content-3732\" class=\"elementor-tab-content elementor-clearfix\" data-tab=\"2\" role=\"region\" aria-labelledby=\"elementor-tab-title-3732\"><h5 style=\"color: #c9348c;\"><span style=\"text-decoration: underline;\">Les fr\u00e9quences au c\u0153ur de trois r\u00e9volutions : 5G, Espace et Mobilit\u00e9<\/span><\/h5><ul><li><a style=\"color: #2b55a2;\" href=\"https:\/\/www.anfr.fr\/fileadmin\/mediatheque\/documents\/Conf%C3%A9rence\/Programme-Conference-SpectreInnovation-2018.pdf\">Programme complet<\/a><\/li><li><a style=\"color: #2b55a2;\" href=\"https:\/\/www.flickr.com\/photos\/anfr\/albums\/72157699325481382\">Photos de la conf\u00e9rence<\/a><\/li><li><a style=\"color: #2b55a2;\" href=\"https:\/\/www.youtube.com\/watch?v=Zl3AoKhTSyc&amp;list=PLVH7-ieVFmUm_e6bwSkVTDcREcIs3ib9Z\">Vid\u00e9os des tables rondes et des allocutions<\/a><\/li><\/ul><\/div>\n\t\t\t\t<\/div>\n\t\t\t\t\t\t\t<div class=\"elementor-toggle-item\">\n\t\t\t\t\t<div id=\"elementor-tab-title-3733\" class=\"elementor-tab-title\" data-tab=\"3\" role=\"button\" aria-controls=\"elementor-tab-content-3733\" aria-expanded=\"false\">\n\t\t\t\t\t\t\t\t\t\t\t\t<span class=\"elementor-toggle-icon elementor-toggle-icon-left\" aria-hidden=\"true\">\n\t\t\t\t\t\t\t\t\t\t\t\t\t\t\t<span class=\"elementor-toggle-icon-closed\"><i class=\"fas fa-caret-right\"><\/i><\/span>\n\t\t\t\t\t\t\t\t<span class=\"elementor-toggle-icon-opened\"><i class=\"elementor-toggle-icon-opened fas fa-caret-up\"><\/i><\/span>\n\t\t\t\t\t\t\t\t\t\t\t\t\t<\/span>\n\t\t\t\t\t\t\t\t\t\t\t\t<a class=\"elementor-toggle-title\" tabindex=\"0\">4\u00c8ME \u00c9DITION - 15 D\u00c9CEMBRE 2016<\/a>\n\t\t\t\t\t<\/div>\n\n\t\t\t\t\t<div id=\"elementor-tab-content-3733\" class=\"elementor-tab-content elementor-clearfix\" data-tab=\"3\" role=\"region\" aria-labelledby=\"elementor-tab-title-3733\"><h5 style=\"color: #c9348c;\"><span style=\"text-decoration: underline;\">Gestion du spectre : quelle strat\u00e9gie adopter pour r\u00e9pondre \u00e0 l&rsquo;\u00e9volution des usages ?<\/span><\/h5><ul><li><a style=\"color: #2b55a2;\" href=\"https:\/\/www.youtube.com\/watch?v=LNr-HCjI3sI&amp;list=PLVH7-ieVFmUn5o-2bdnGu9WqMPy6qkCLK\">Vid\u00e9os de la conf\u00e9rence\u00a0<\/a><\/li><li><a style=\"color: #2b55a2;\" href=\"https:\/\/www.flickr.com\/photos\/anfr\/albums\/72157677813728746\">Photos de la conf\u00e9rence<\/a><\/li><\/ul><\/div>\n\t\t\t\t<\/div>\n\t\t\t\t\t\t\t<div class=\"elementor-toggle-item\">\n\t\t\t\t\t<div id=\"elementor-tab-title-3734\" class=\"elementor-tab-title\" data-tab=\"4\" role=\"button\" aria-controls=\"elementor-tab-content-3734\" aria-expanded=\"false\">\n\t\t\t\t\t\t\t\t\t\t\t\t<span class=\"elementor-toggle-icon elementor-toggle-icon-left\" aria-hidden=\"true\">\n\t\t\t\t\t\t\t\t\t\t\t\t\t\t\t<span class=\"elementor-toggle-icon-closed\"><i class=\"fas fa-caret-right\"><\/i><\/span>\n\t\t\t\t\t\t\t\t<span class=\"elementor-toggle-icon-opened\"><i class=\"elementor-toggle-icon-opened fas fa-caret-up\"><\/i><\/span>\n\t\t\t\t\t\t\t\t\t\t\t\t\t<\/span>\n\t\t\t\t\t\t\t\t\t\t\t\t<a class=\"elementor-toggle-title\" tabindex=\"0\">3\u00c8ME \u00c9DITION - 8 D\u00c9CEMBRE 2015<\/a>\n\t\t\t\t\t<\/div>\n\n\t\t\t\t\t<div id=\"elementor-tab-content-3734\" class=\"elementor-tab-content elementor-clearfix\" data-tab=\"4\" role=\"region\" aria-labelledby=\"elementor-tab-title-3734\"><h5 style=\"color: #c9348c;\">Quelles fr\u00e9quences pour les r\u00e9seaux de demain<\/h5><ul><li><a style=\"color: #2b55a2;\" href=\"https:\/\/www.anfr.fr\/fileadmin\/mediatheque\/documents\/Conf%C3%A9rence\/Actes-Conference-Spectre-Innovation-2015-v51.pdf\">Synth\u00e8se de la conf\u00e9rence<\/a><\/li><li><a style=\"color: #2b55a2;\" href=\"https:\/\/www.youtube.com\/watch?v=OEWHQJ8SI4I&amp;list=PLVH7-ieVFmUlAt_TEfC3ij9bMmztsOuzC\">Vid\u00e9os de la conf\u00e9rence<\/a><\/li><li><a style=\"color: #2b55a2;\" href=\"https:\/\/www.flickr.com\/photos\/anfr\/albums\/72157663326088695\">Photos de la conf\u00e9rence<\/a><\/li><\/ul><\/div>\n\t\t\t\t<\/div>\n\t\t\t\t\t\t\t<div class=\"elementor-toggle-item\">\n\t\t\t\t\t<div id=\"elementor-tab-title-3735\" class=\"elementor-tab-title\" data-tab=\"5\" role=\"button\" aria-controls=\"elementor-tab-content-3735\" aria-expanded=\"false\">\n\t\t\t\t\t\t\t\t\t\t\t\t<span class=\"elementor-toggle-icon elementor-toggle-icon-left\" aria-hidden=\"true\">\n\t\t\t\t\t\t\t\t\t\t\t\t\t\t\t<span class=\"elementor-toggle-icon-closed\"><i class=\"fas fa-caret-right\"><\/i><\/span>\n\t\t\t\t\t\t\t\t<span class=\"elementor-toggle-icon-opened\"><i class=\"elementor-toggle-icon-opened fas fa-caret-up\"><\/i><\/span>\n\t\t\t\t\t\t\t\t\t\t\t\t\t<\/span>\n\t\t\t\t\t\t\t\t\t\t\t\t<a class=\"elementor-toggle-title\" tabindex=\"0\">2\u00c8ME \u00c9DITION - 27 NOVEMBRE 2014<\/a>\n\t\t\t\t\t<\/div>\n\n\t\t\t\t\t<div id=\"elementor-tab-content-3735\" class=\"elementor-tab-content elementor-clearfix\" data-tab=\"5\" role=\"region\" aria-labelledby=\"elementor-tab-title-3735\"><h5 style=\"color: #c9348c;\">Les fr\u00e9quences au service de l\u2019individu<\/h5><ul><li><a style=\"color: #2b55a2;\" title=\"NON D\u00e9FINI, Les actes - Conference 2014, Les_actes_-_Conference_2014.pdf, 714 KB\" href=\"https:\/\/www.anfr.fr\/fileadmin\/mediatheque\/documents\/Actualites\/Les_actes_-_Conference_2014.pdf\" target=\"_blank\" rel=\"noopener noreferrer\">Les actes de la conf\u00e9rence<\/a><\/li><li><a class=\"external-link-new-window\" style=\"color: #2b55a2;\" title=\"Fiches\" href=\"https:\/\/www.anfr.fr\/fileadmin\/mediatheque\/documents\/Conf%C3%A9rence\/Fiches-sur-lInternet-des-objets-et-sur-la-5G.pdf\" target=\"_blank\" rel=\"noopener noreferrer\">Fiches sur \u00ab\u00a0l&rsquo;Internet des objets et la 5G\u00a0\u00bb<\/a><\/li><li><a style=\"color: #2b55a2;\" href=\"https:\/\/www.youtube.com\/watch?v=Qqn6SH6_Er4&amp;list=PLVH7-ieVFmUlGOmLHuT_Z0L2yR5ECm_tM\">Vid\u00e9os de la conf\u00e9rence<\/a><\/li><li><a style=\"color: #2b55a2;\" href=\"https:\/\/www.flickr.com\/photos\/anfr\/albums\/72157649544176622\">Photos de la conf\u00e9rence<\/a><\/li><\/ul><\/div>\n\t\t\t\t<\/div>\n\t\t\t\t\t\t\t<div class=\"elementor-toggle-item\">\n\t\t\t\t\t<div id=\"elementor-tab-title-3736\" class=\"elementor-tab-title\" data-tab=\"6\" role=\"button\" aria-controls=\"elementor-tab-content-3736\" aria-expanded=\"false\">\n\t\t\t\t\t\t\t\t\t\t\t\t<span class=\"elementor-toggle-icon elementor-toggle-icon-left\" aria-hidden=\"true\">\n\t\t\t\t\t\t\t\t\t\t\t\t\t\t\t<span class=\"elementor-toggle-icon-closed\"><i class=\"fas fa-caret-right\"><\/i><\/span>\n\t\t\t\t\t\t\t\t<span class=\"elementor-toggle-icon-opened\"><i class=\"elementor-toggle-icon-opened fas fa-caret-up\"><\/i><\/span>\n\t\t\t\t\t\t\t\t\t\t\t\t\t<\/span>\n\t\t\t\t\t\t\t\t\t\t\t\t<a class=\"elementor-toggle-title\" tabindex=\"0\">1\u00c8RE \u00c9DITION - 26 & 27 JUIN 2013<\/a>\n\t\t\t\t\t<\/div>\n\n\t\t\t\t\t<div id=\"elementor-tab-content-3736\" class=\"elementor-tab-content elementor-clearfix\" data-tab=\"6\" role=\"region\" aria-labelledby=\"elementor-tab-title-3736\"><h5 style=\"color: #c9348c;\">Les fr\u00e9quences, levier de croissance de l&rsquo;\u00e9conomie<\/h5><ul><li><a style=\"color: #2b55a2;\" href=\"https:\/\/www.anfr.fr\/fileadmin\/mediatheque\/documents\/Conf%C3%A9rence\/Spectre-Innovations-Les-Actes-2013.pdf\">Les actes de la conf\u00e9rence<\/a><\/li><li><a style=\"color: #2b55a2;\" href=\"https:\/\/www.dailymotion.com\/playlist\/x3ge2z\">Vid\u00e9os de la conf\u00e9rence<\/a><\/li><\/ul><\/div>\n\t\t\t\t<\/div>\n\t\t\t\t\t\t\t\t<\/div>\n\t\t\t\t\t\t<\/div>\n\t\t\t\t<\/div>\n\t\t\t\t\t<\/div>\n\t\t<\/div>\n\t\t\t\t\t<\/div>\n\t\t<\/section>\n\t\t\t\t<section class=\"elementor-section elementor-top-section elementor-element elementor-element-fb2c851 elementor-section-boxed elementor-section-height-default elementor-section-height-default\" data-id=\"fb2c851\" data-element_type=\"section\">\n\t\t\t\t\t\t<div class=\"elementor-container elementor-column-gap-default\">\n\t\t\t\t\t<div class=\"elementor-column elementor-col-100 elementor-top-column elementor-element elementor-element-04c20bf\" data-id=\"04c20bf\" data-element_type=\"column\">\n\t\t\t<div class=\"elementor-widget-wrap elementor-element-populated\">\n\t\t\t\t\t\t<div class=\"elementor-element elementor-element-aededaa elementor-widget elementor-widget-text-editor\" data-id=\"aededaa\" data-element_type=\"widget\" data-widget_type=\"text-editor.default\">\n\t\t\t\t<div class=\"elementor-widget-container\">\n\t\t\t\t\t\t\t\t\t\u00a9 ANFR 2023 \u2014\u00a0<span style=\"text-decoration: underline;\"><a href=\"https:\/\/conference.anfr.fr\/?page_id=94\">Mentions l\u00e9gales<\/a><\/span>\t\t\t\t\t\t\t\t<\/div>\n\t\t\t\t<\/div>\n\t\t\t\t\t<\/div>\n\t\t<\/div>\n\t\t\t\t\t<\/div>\n\t\t<\/section>\n\t\t\t\t<\/div>\n\t\t","protected":false},"excerpt":{"rendered":"<p>Facebook-f Twitter Linkedin Youtube Flickr Accueil Archives Archives des conf\u00e9rences pr\u00e9c\u00e9dentes 6\u00c8ME \u00c9DITION &#8211; 9 mars 2023 Le programme Les intervenants Photos de la conf\u00e9rence Nouvelles communications spatiales : eldorado ou Far-West ? Vid\u00e9o de la premi\u00e8re table ronde Les supports de pr\u00e9sentation Athl\u00e8tes et stades connect\u00e9s, l&rsquo;innovation \u00e0 l&rsquo;heure des jeux Vid\u00e9o de la [&hellip;]<\/p>\n","protected":false},"author":4,"featured_media":0,"parent":0,"menu_order":0,"comment_status":"closed","ping_status":"closed","template":"blank","meta":{"footnotes":""},"class_list":["post-84","page","type-page","status-publish","hentry"],"_links":{"self":[{"href":"https:\/\/conference.anfr.fr\/index.php?rest_route=\/wp\/v2\/pages\/84","targetHints":{"allow":["GET"]}}],"collection":[{"href":"https:\/\/conference.anfr.fr\/index.php?rest_route=\/wp\/v2\/pages"}],"about":[{"href":"https:\/\/conference.anfr.fr\/index.php?rest_route=\/wp\/v2\/types\/page"}],"author":[{"embeddable":true,"href":"https:\/\/conference.anfr.fr\/index.php?rest_route=\/wp\/v2\/users\/4"}],"replies":[{"embeddable":true,"href":"https:\/\/conference.anfr.fr\/index.php?rest_route=%2Fwp%2Fv2%2Fcomments&post=84"}],"version-history":[{"count":280,"href":"https:\/\/conference.anfr.fr\/index.php?rest_route=\/wp\/v2\/pages\/84\/revisions"}],"predecessor-version":[{"id":3543,"href":"https:\/\/conference.anfr.fr\/index.php?rest_route=\/wp\/v2\/pages\/84\/revisions\/3543"}],"wp:attachment":[{"href":"https:\/\/conference.anfr.fr\/index.php?rest_route=%2Fwp%2Fv2%2Fmedia&parent=84"}],"curies":[{"name":"wp","href":"https:\/\/api.w.org\/{rel}","templated":true}]}}