{"id":94,"date":"2023-01-25T14:13:30","date_gmt":"2023-01-25T13:13:30","guid":{"rendered":"https:\/\/conference-test.anfr.fr\/?page_id=94"},"modified":"2023-03-20T16:01:28","modified_gmt":"2023-03-20T15:01:28","slug":"mentions-legales","status":"publish","type":"page","link":"https:\/\/conference.anfr.fr\/?page_id=94","title":{"rendered":"Mentions l\u00e9gales"},"content":{"rendered":"\t\t<div data-elementor-type=\"wp-page\" data-elementor-id=\"94\" class=\"elementor elementor-94\">\n\t\t\t\t\t\t<section class=\"elementor-section elementor-top-section elementor-element elementor-element-715637a elementor-section-stretched elementor-section-boxed elementor-section-height-default elementor-section-height-default\" data-id=\"715637a\" data-element_type=\"section\" data-settings=\"{&quot;stretch_section&quot;:&quot;section-stretched&quot;}\">\n\t\t\t\t\t\t<div class=\"elementor-container elementor-column-gap-default\">\n\t\t\t\t\t<div class=\"elementor-column elementor-col-33 elementor-top-column elementor-element elementor-element-0214739\" data-id=\"0214739\" data-element_type=\"column\">\n\t\t\t<div class=\"elementor-widget-wrap elementor-element-populated\">\n\t\t\t\t\t\t<div class=\"elementor-element elementor-element-ebcde53 elementor-widget elementor-widget-image\" data-id=\"ebcde53\" data-element_type=\"widget\" data-widget_type=\"image.default\">\n\t\t\t\t<div class=\"elementor-widget-container\">\n\t\t\t\t\t\t\t\t\t\t\t\t\t\t\t\t<a href=\"https:\/\/www.anfr.fr\/accueil\">\n\t\t\t\t\t\t\t<img fetchpriority=\"high\" decoding=\"async\" width=\"446\" height=\"190\" src=\"https:\/\/conference.anfr.fr\/wp-content\/uploads\/2023\/01\/BLOC_MARQUE_RF_ANFR.png\" class=\"attachment-large size-large wp-image-37\" alt=\"\" \/>\t\t\t\t\t\t\t\t<\/a>\n\t\t\t\t\t\t\t\t\t\t\t\t\t\t\t<\/div>\n\t\t\t\t<\/div>\n\t\t\t\t\t<\/div>\n\t\t<\/div>\n\t\t\t\t<div class=\"elementor-column elementor-col-33 elementor-top-column elementor-element elementor-element-61d48d1\" data-id=\"61d48d1\" data-element_type=\"column\">\n\t\t\t<div class=\"elementor-widget-wrap elementor-element-populated\">\n\t\t\t\t\t\t<div class=\"elementor-element elementor-element-9fd0462 elementor-widget elementor-widget-image\" data-id=\"9fd0462\" data-element_type=\"widget\" data-widget_type=\"image.default\">\n\t\t\t\t<div class=\"elementor-widget-container\">\n\t\t\t\t\t\t\t\t\t\t\t\t\t\t\t\t<a href=\"https:\/\/conference.anfr.fr\/\">\n\t\t\t\t\t\t\t<img decoding=\"async\" width=\"900\" height=\"330\" src=\"https:\/\/conference.anfr.fr\/wp-content\/uploads\/2023\/01\/Logo_Spectre_Innovation-002_Page_3.png\" class=\"attachment-large size-large wp-image-916\" alt=\"\" \/>\t\t\t\t\t\t\t\t<\/a>\n\t\t\t\t\t\t\t\t\t\t\t\t\t\t\t<\/div>\n\t\t\t\t<\/div>\n\t\t\t\t\t<\/div>\n\t\t<\/div>\n\t\t\t\t<div class=\"elementor-column elementor-col-33 elementor-top-column elementor-element elementor-element-6ab3ff2\" data-id=\"6ab3ff2\" data-element_type=\"column\">\n\t\t\t<div class=\"elementor-widget-wrap elementor-element-populated\">\n\t\t\t\t\t\t<div class=\"elementor-element elementor-element-f19ef60 elementor-shape-circle e-grid-align-right e-grid-align-mobile-center elementor-grid-0 elementor-widget elementor-widget-social-icons\" data-id=\"f19ef60\" data-element_type=\"widget\" data-widget_type=\"social-icons.default\">\n\t\t\t\t<div class=\"elementor-widget-container\">\n\t\t\t\t\t\t\t<div class=\"elementor-social-icons-wrapper elementor-grid\" role=\"list\">\n\t\t\t\t\t\t\t<span class=\"elementor-grid-item\" role=\"listitem\">\n\t\t\t\t\t<a class=\"elementor-icon elementor-social-icon elementor-social-icon-facebook-f elementor-repeater-item-e1fa387\" href=\"https:\/\/www.facebook.com\/agencenationaledesfrequences\">\n\t\t\t\t\t\t<span class=\"elementor-screen-only\">Facebook-f<\/span>\n\t\t\t\t\t\t<i class=\"fab fa-facebook-f\"><\/i>\t\t\t\t\t<\/a>\n\t\t\t\t<\/span>\n\t\t\t\t\t\t\t<span class=\"elementor-grid-item\" role=\"listitem\">\n\t\t\t\t\t<a class=\"elementor-icon elementor-social-icon elementor-social-icon-twitter elementor-repeater-item-2b72d36\" href=\"https:\/\/twitter.com\/anfr\">\n\t\t\t\t\t\t<span class=\"elementor-screen-only\">Twitter<\/span>\n\t\t\t\t\t\t<i class=\"fab fa-twitter\"><\/i>\t\t\t\t\t<\/a>\n\t\t\t\t<\/span>\n\t\t\t\t\t\t\t<span class=\"elementor-grid-item\" role=\"listitem\">\n\t\t\t\t\t<a class=\"elementor-icon elementor-social-icon elementor-social-icon-linkedin elementor-repeater-item-0669856\" href=\"https:\/\/www.linkedin.com\/company\/anfr\/?originalSubdomain=fr\">\n\t\t\t\t\t\t<span class=\"elementor-screen-only\">Linkedin<\/span>\n\t\t\t\t\t\t<i class=\"fab fa-linkedin\"><\/i>\t\t\t\t\t<\/a>\n\t\t\t\t<\/span>\n\t\t\t\t\t\t\t<span class=\"elementor-grid-item\" role=\"listitem\">\n\t\t\t\t\t<a class=\"elementor-icon elementor-social-icon elementor-social-icon-youtube elementor-repeater-item-4f873f0\" href=\"https:\/\/www.youtube.com\/@Agencenationaledesfrequences\">\n\t\t\t\t\t\t<span class=\"elementor-screen-only\">Youtube<\/span>\n\t\t\t\t\t\t<i class=\"fab fa-youtube\"><\/i>\t\t\t\t\t<\/a>\n\t\t\t\t<\/span>\n\t\t\t\t\t\t\t<span class=\"elementor-grid-item\" role=\"listitem\">\n\t\t\t\t\t<a class=\"elementor-icon elementor-social-icon elementor-social-icon-flickr elementor-repeater-item-736aa23\" href=\"https:\/\/www.flickr.com\/people\/anfr\/\">\n\t\t\t\t\t\t<span class=\"elementor-screen-only\">Flickr<\/span>\n\t\t\t\t\t\t<i class=\"fab fa-flickr\"><\/i>\t\t\t\t\t<\/a>\n\t\t\t\t<\/span>\n\t\t\t\t\t<\/div>\n\t\t\t\t\t\t<\/div>\n\t\t\t\t<\/div>\n\t\t\t\t\t<\/div>\n\t\t<\/div>\n\t\t\t\t\t<\/div>\n\t\t<\/section>\n\t\t\t\t<section class=\"elementor-section elementor-top-section elementor-element elementor-element-5647d62 elementor-section-boxed elementor-section-height-default elementor-section-height-default\" data-id=\"5647d62\" data-element_type=\"section\">\n\t\t\t\t\t\t<div class=\"elementor-container elementor-column-gap-default\">\n\t\t\t\t\t<div class=\"elementor-column elementor-col-50 elementor-top-column elementor-element elementor-element-a226b0f\" data-id=\"a226b0f\" data-element_type=\"column\">\n\t\t\t<div class=\"elementor-widget-wrap elementor-element-populated\">\n\t\t\t\t\t\t<div class=\"elementor-element elementor-element-77ff350 elementor-align-center elementor-widget elementor-widget-button\" data-id=\"77ff350\" data-element_type=\"widget\" data-widget_type=\"button.default\">\n\t\t\t\t<div class=\"elementor-widget-container\">\n\t\t\t\t\t\t\t\t\t<div class=\"elementor-button-wrapper\">\n\t\t\t\t\t<a class=\"elementor-button elementor-button-link elementor-size-sm\" href=\"https:\/\/conference.anfr.fr\/\">\n\t\t\t\t\t\t<span class=\"elementor-button-content-wrapper\">\n\t\t\t\t\t\t\t\t\t<span class=\"elementor-button-text\">Accueil<\/span>\n\t\t\t\t\t<\/span>\n\t\t\t\t\t<\/a>\n\t\t\t\t<\/div>\n\t\t\t\t\t\t\t\t<\/div>\n\t\t\t\t<\/div>\n\t\t\t\t\t<\/div>\n\t\t<\/div>\n\t\t\t\t<div class=\"elementor-column elementor-col-50 elementor-top-column elementor-element elementor-element-36c597c\" data-id=\"36c597c\" data-element_type=\"column\">\n\t\t\t<div class=\"elementor-widget-wrap elementor-element-populated\">\n\t\t\t\t\t\t<div class=\"elementor-element elementor-element-aa9a35d elementor-align-center elementor-widget elementor-widget-button\" data-id=\"aa9a35d\" data-element_type=\"widget\" data-widget_type=\"button.default\">\n\t\t\t\t<div class=\"elementor-widget-container\">\n\t\t\t\t\t\t\t\t\t<div class=\"elementor-button-wrapper\">\n\t\t\t\t\t<a class=\"elementor-button elementor-button-link elementor-size-sm\" href=\"https:\/\/conference.anfr.fr\/?page_id=84\">\n\t\t\t\t\t\t<span class=\"elementor-button-content-wrapper\">\n\t\t\t\t\t\t\t\t\t<span class=\"elementor-button-text\">Archives<\/span>\n\t\t\t\t\t<\/span>\n\t\t\t\t\t<\/a>\n\t\t\t\t<\/div>\n\t\t\t\t\t\t\t\t<\/div>\n\t\t\t\t<\/div>\n\t\t\t\t\t<\/div>\n\t\t<\/div>\n\t\t\t\t\t<\/div>\n\t\t<\/section>\n\t\t\t\t<section class=\"elementor-section elementor-top-section elementor-element elementor-element-dad8c4c elementor-section-boxed elementor-section-height-default elementor-section-height-default\" data-id=\"dad8c4c\" data-element_type=\"section\">\n\t\t\t\t\t\t<div class=\"elementor-container elementor-column-gap-default\">\n\t\t\t\t\t<div class=\"elementor-column elementor-col-100 elementor-top-column elementor-element elementor-element-dab6f61\" data-id=\"dab6f61\" data-element_type=\"column\">\n\t\t\t<div class=\"elementor-widget-wrap elementor-element-populated\">\n\t\t\t\t\t\t<div class=\"elementor-element elementor-element-3200006 elementor-widget elementor-widget-heading\" data-id=\"3200006\" data-element_type=\"widget\" data-widget_type=\"heading.default\">\n\t\t\t\t<div class=\"elementor-widget-container\">\n\t\t\t\t\t<h1 class=\"elementor-heading-title elementor-size-large\">Mentions l\u00e9gales<\/h1>\t\t\t\t<\/div>\n\t\t\t\t<\/div>\n\t\t\t\t\t<\/div>\n\t\t<\/div>\n\t\t\t\t\t<\/div>\n\t\t<\/section>\n\t\t\t\t<section class=\"elementor-section elementor-top-section elementor-element elementor-element-1b190c2 elementor-section-boxed elementor-section-height-default elementor-section-height-default\" data-id=\"1b190c2\" data-element_type=\"section\">\n\t\t\t\t\t\t<div class=\"elementor-container elementor-column-gap-default\">\n\t\t\t\t\t<div class=\"elementor-column elementor-col-100 elementor-top-column elementor-element elementor-element-67811a0\" data-id=\"67811a0\" data-element_type=\"column\">\n\t\t\t<div class=\"elementor-widget-wrap elementor-element-populated\">\n\t\t\t\t\t\t<div class=\"elementor-element elementor-element-1dce2d3 elementor-widget elementor-widget-text-editor\" data-id=\"1dce2d3\" data-element_type=\"widget\" data-widget_type=\"text-editor.default\">\n\t\t\t\t<div class=\"elementor-widget-container\">\n\t\t\t\t\t\t\t\t\t<p><strong>L&rsquo;Agence nationale des fr\u00e9quences (ANFR) est un \u00e9tablissement public de l\u2019\u00c9tat \u00e0 caract\u00e8re administratif<\/strong>&nbsp;plac\u00e9 aupr\u00e8s du ministre en charge des communications \u00e9lectroniques. Son si\u00e8ge est situ\u00e9 au 78, avenue du G\u00e9n\u00e9ral de Gaulle, 94704 MAISONS-ALFORT CEDEX.<\/p>\n<p><strong>Le responsable de la publication du pr\u00e9sent site Internet, \u00e9dit\u00e9 par l\u2019ANFR, est Monsieur Gilles Br\u00e9gant en qualit\u00e9 de repr\u00e9sentant l\u00e9gal de l&rsquo;ANFR.<\/strong><\/p>\n<ul>\n<li>La r\u00e9daction est plac\u00e9e sous la responsabilit\u00e9 du Service de la Communication et des Relations institutionnelles.<\/li>\n<li>Ce site a \u00e9t\u00e9 r\u00e9alis\u00e9 par le Webmaster Tristan Wermelinger.<\/li>\n<li>La maintenance de ce site est assur\u00e9e par l&rsquo;ANFR.<\/li>\n<li>Ce site est h\u00e9berg\u00e9 par la soci\u00e9t\u00e9 OVH situ\u00e9e 2 rue Kellermann &#8211; 59100 ROUBAIX.<\/li>\n<\/ul>\t\t\t\t\t\t\t\t<\/div>\n\t\t\t\t<\/div>\n\t\t\t\t<div class=\"elementor-element elementor-element-558866d elementor-widget elementor-widget-heading\" data-id=\"558866d\" data-element_type=\"widget\" data-widget_type=\"heading.default\">\n\t\t\t\t<div class=\"elementor-widget-container\">\n\t\t\t\t\t<h4 class=\"elementor-heading-title elementor-size-default\">Traitement des donn\u00e9es \u00e0 caract\u00e8re personnel<\/h4>\t\t\t\t<\/div>\n\t\t\t\t<\/div>\n\t\t\t\t<div class=\"elementor-element elementor-element-02c7bcf elementor-widget elementor-widget-text-editor\" data-id=\"02c7bcf\" data-element_type=\"widget\" data-widget_type=\"text-editor.default\">\n\t\t\t\t<div class=\"elementor-widget-container\">\n\t\t\t\t\t\t\t\t\t<p>Les donn\u00e9es personnelles collect\u00e9es lors de l\u2019inscription \u00e0 la conf\u00e9rence font l\u2019objet d\u2019un traitement informatique par l\u2019ANFR en qualit\u00e9 de responsable de traitement aux fins de gestion de la conf\u00e9rence.<\/p><p>Les informations de contacts collect\u00e9es sont les noms, le pr\u00e9nom, la civilit\u00e9, l&rsquo;adresse mail et le nom de la soci\u00e9t\u00e9 ou organisme.<\/p><p>Elles sont communiqu\u00e9es aux agents ANFR assurant la gestion de l\u2019\u00e9v\u00e9nement.<\/p><p>Les donn\u00e9es sont conserv\u00e9es 18 mois.<\/p><p>Ce traitement repose sur l\u2019int\u00e9r\u00eat l\u00e9gitime de l\u2019ANFR \u00e0 organiser des \u00e9v\u00e9nements se rapportant \u00e0 ses missions.<\/p><p>Conform\u00e9ment au r\u00e8glement europ\u00e9en 2016\/679 du 27 avril 2016, vous b\u00e9n\u00e9ficiez du droit d\u2019acc\u00e8s, de rectification, d\u2019effacement, d\u2019opposition et du droit \u00e0 la limitation du traitement. Vous pouvez \u00e9galement nous transmettre des directives particuli\u00e8res concernant la conservation, l&rsquo;effacement et la communication de vos donn\u00e9es \u00e0 caract\u00e8re personnel apr\u00e8s votre d\u00e9c\u00e8s.<\/p><p>Vous pouvez exercer ces droits en contactant le d\u00e9l\u00e9gu\u00e9 \u00e0 la protection des donn\u00e9es sur le <a style=\"color: #2b55a2;\" href=\"https:\/\/www.anfr.fr\/contact\/protection-des-donnees-personnelles-rgpd\">formulaire en ligne<\/a>.<\/p><p>Vous pouvez introduire une r\u00e9clamation aupr\u00e8s de la CNIL.<\/p>\t\t\t\t\t\t\t\t<\/div>\n\t\t\t\t<\/div>\n\t\t\t\t<div class=\"elementor-element elementor-element-c534b5f elementor-widget elementor-widget-heading\" data-id=\"c534b5f\" data-element_type=\"widget\" data-widget_type=\"heading.default\">\n\t\t\t\t<div class=\"elementor-widget-container\">\n\t\t\t\t\t<h4 class=\"elementor-heading-title elementor-size-default\">\n\nTraces de connexion<\/h4>\t\t\t\t<\/div>\n\t\t\t\t<\/div>\n\t\t\t\t<div class=\"elementor-element elementor-element-61cf049 elementor-widget elementor-widget-text-editor\" data-id=\"61cf049\" data-element_type=\"widget\" data-widget_type=\"text-editor.default\">\n\t\t\t\t<div class=\"elementor-widget-container\">\n\t\t\t\t\t\t\t\t\t<p>L&rsquo;utilisateur est inform\u00e9 que des informations relatives aux traces de connexion sont extraites aux seules fins de la gestion du site par la mission Communication de l\u2019ANFR : il s\u2019agit de l&rsquo;origine g\u00e9ographique des requ\u00eates ainsi que de la date et de l&rsquo;heure de la connexion. Les donn\u00e9es relatives \u00e0 ces traces sont conserv\u00e9es pendant une dur\u00e9e maximale d\u2019un an.<\/p>\t\t\t\t\t\t\t\t<\/div>\n\t\t\t\t<\/div>\n\t\t\t\t<div class=\"elementor-element elementor-element-146e555 elementor-widget elementor-widget-heading\" data-id=\"146e555\" data-element_type=\"widget\" data-widget_type=\"heading.default\">\n\t\t\t\t<div class=\"elementor-widget-container\">\n\t\t\t\t\t<h4 class=\"elementor-heading-title elementor-size-default\">Propri\u00e9t\u00e9 intellectuelle<\/h4>\t\t\t\t<\/div>\n\t\t\t\t<\/div>\n\t\t\t\t<div class=\"elementor-element elementor-element-2be1db2 elementor-widget elementor-widget-text-editor\" data-id=\"2be1db2\" data-element_type=\"widget\" data-widget_type=\"text-editor.default\">\n\t\t\t\t<div class=\"elementor-widget-container\">\n\t\t\t\t\t\t\t\t\t<p>Le site conference.anfr.fr est une \u0153uvre de cr\u00e9ation, propri\u00e9t\u00e9 exclusive de l\u2019ANFR, prot\u00e9g\u00e9 par la l\u00e9gislation fran\u00e7aise et internationale sur le droit de la propri\u00e9t\u00e9 intellectuelle. Aucune reproduction ou repr\u00e9sentation ne peut \u00eatre r\u00e9alis\u00e9e en contravention avec les droits de l\u2019ANFR issus des l\u00e9gislations susvis\u00e9es.<\/p>\t\t\t\t\t\t\t\t<\/div>\n\t\t\t\t<\/div>\n\t\t\t\t<div class=\"elementor-element elementor-element-f64c926 elementor-widget elementor-widget-heading\" data-id=\"f64c926\" data-element_type=\"widget\" data-widget_type=\"heading.default\">\n\t\t\t\t<div class=\"elementor-widget-container\">\n\t\t\t\t\t<h4 class=\"elementor-heading-title elementor-size-default\">Informations publiques et droit de reproduction<\/h4>\t\t\t\t<\/div>\n\t\t\t\t<\/div>\n\t\t\t\t<div class=\"elementor-element elementor-element-1b98137 elementor-widget elementor-widget-text-editor\" data-id=\"1b98137\" data-element_type=\"widget\" data-widget_type=\"text-editor.default\">\n\t\t\t\t<div class=\"elementor-widget-container\">\n\t\t\t\t\t\t\t\t\t<p>Le site conference.anfr.fr contient des informations publiques au sens de la loi n\u00b0 78-753 du 17 juillet 1978 modifi\u00e9e portant diverses mesures d&rsquo;am\u00e9lioration des relations entre l&rsquo;administration et le public et diverses dispositions d&rsquo;ordre administratif, social et fiscal.<\/p><p>Ces informations sont prot\u00e9g\u00e9es par la Convention de Berne sur la Protection des \u0153uvres litt\u00e9raires et artistiques, par d&rsquo;autres conventions internationales et par les l\u00e9gislations nationales sur le droit d&rsquo;auteur et les droits d\u00e9riv\u00e9s.<\/p><p>Elles peuvent \u00eatre reproduites sous r\u00e9serve de :<\/p><ul><li>n&rsquo;\u00eatre ni alt\u00e9r\u00e9es ni modifi\u00e9es,<\/li><li>comporter la mention du nom de l&rsquo;ANFR en tant que source,<\/li><li>pr\u00e9ciser la date de leur mise \u00e0 jour,<\/li><li>faire figurer un lien renvoyant vers la page originale ou le document diffus\u00e9 sur le site conference.anfr.fr.<\/li><\/ul><p>Toute information provenant du site Internet de l&rsquo;ANFR doit \u00eatre reprise int\u00e9gralement, sans modification ni ajout, sans adjonction publicitaire et doit \u00eatre t\u00e9l\u00e9chargeable gratuitement. \u00c0 aucun moment, la r\u00e9utilisation des donn\u00e9es ne doit donner l&rsquo;impression que l&rsquo;ANFR participe o\u00f9 cautionne l&rsquo;action de l&rsquo;utilisateur.<\/p>\t\t\t\t\t\t\t\t<\/div>\n\t\t\t\t<\/div>\n\t\t\t\t<div class=\"elementor-element elementor-element-2f4b45b elementor-widget elementor-widget-heading\" data-id=\"2f4b45b\" data-element_type=\"widget\" data-widget_type=\"heading.default\">\n\t\t\t\t<div class=\"elementor-widget-container\">\n\t\t\t\t\t<h4 class=\"elementor-heading-title elementor-size-default\">Liens hypertextes<\/h4>\t\t\t\t<\/div>\n\t\t\t\t<\/div>\n\t\t\t\t<div class=\"elementor-element elementor-element-93980dc elementor-widget elementor-widget-text-editor\" data-id=\"93980dc\" data-element_type=\"widget\" data-widget_type=\"text-editor.default\">\n\t\t\t\t<div class=\"elementor-widget-container\">\n\t\t\t\t\t\t\t\t\t<p>La mise en place de liens hypertextes par des tiers vers des pages ou des documents diffus\u00e9s sur le site de l\u2019ANFR, est autoris\u00e9e sous r\u00e9serve que les liens ne contreviennent pas aux int\u00e9r\u00eats de l\u2019ANFR, et qu&rsquo;ils garantissent la possibilit\u00e9 pour l&rsquo;utilisateur d&rsquo;identifier l&rsquo;origine et l&rsquo;auteur du document.<\/p>\t\t\t\t\t\t\t\t<\/div>\n\t\t\t\t<\/div>\n\t\t\t\t<div class=\"elementor-element elementor-element-268566a elementor-widget elementor-widget-heading\" data-id=\"268566a\" data-element_type=\"widget\" data-widget_type=\"heading.default\">\n\t\t\t\t<div class=\"elementor-widget-container\">\n\t\t\t\t\t<h4 class=\"elementor-heading-title elementor-size-default\">Clause de non responsabilit\u00e9<\/h4>\t\t\t\t<\/div>\n\t\t\t\t<\/div>\n\t\t\t\t<div class=\"elementor-element elementor-element-8569180 elementor-widget elementor-widget-text-editor\" data-id=\"8569180\" data-element_type=\"widget\" data-widget_type=\"text-editor.default\">\n\t\t\t\t<div class=\"elementor-widget-container\">\n\t\t\t\t\t\t\t\t\t<p>La responsabilit\u00e9 de l\u2019ANFR ne peut, en aucune mani\u00e8re, \u00eatre engag\u00e9e en raison de l\u2019utilisation ou de l\u2019interpr\u00e9tation par un tiers des informations figurant sur le site. Ainsi :<\/p><ul><li>Les sites Internet d\u2019autres institutions ou organismes, accessibles \u00e0 partir de liens hypertextes figurant sur le site conference.anfr.fr, n&rsquo;engagent pas la responsabilit\u00e9 de l&rsquo;ANFR quant \u00e0 leur contenu.<\/li><li>Les informations relatives aux caract\u00e9ristiques radio\u00e9lectriques de la base Cartoradio sont fournies par les exploitants et op\u00e9rateurs sous leur responsabilit\u00e9. Elles r\u00e9sultent de la mise en \u0153uvre de la proc\u00e9dure pr\u00e9vue par l&rsquo;article L 43 du code des postes et des communications \u00e9lectroniques au titre de la coordination de l&rsquo;implantation des stations radio\u00e9lectriques sur le territoire national et de la veille du respect des valeurs limites d\u2019exposition du public aux champs \u00e9lectromagn\u00e9tiques.<\/li><\/ul>\t\t\t\t\t\t\t\t<\/div>\n\t\t\t\t<\/div>\n\t\t\t\t\t<\/div>\n\t\t<\/div>\n\t\t\t\t\t<\/div>\n\t\t<\/section>\n\t\t\t\t<section class=\"elementor-section elementor-top-section elementor-element elementor-element-b272322 elementor-section-boxed elementor-section-height-default elementor-section-height-default\" data-id=\"b272322\" data-element_type=\"section\">\n\t\t\t\t\t\t<div class=\"elementor-container elementor-column-gap-default\">\n\t\t\t\t\t<div class=\"elementor-column elementor-col-100 elementor-top-column elementor-element elementor-element-756b975\" data-id=\"756b975\" data-element_type=\"column\">\n\t\t\t<div class=\"elementor-widget-wrap elementor-element-populated\">\n\t\t\t\t\t\t<div class=\"elementor-element elementor-element-a294b6c elementor-widget elementor-widget-text-editor\" data-id=\"a294b6c\" data-element_type=\"widget\" data-widget_type=\"text-editor.default\">\n\t\t\t\t<div class=\"elementor-widget-container\">\n\t\t\t\t\t\t\t\t\t<p>\u00a9 ANFR 2023\u00a0<\/p>\t\t\t\t\t\t\t\t<\/div>\n\t\t\t\t<\/div>\n\t\t\t\t\t<\/div>\n\t\t<\/div>\n\t\t\t\t\t<\/div>\n\t\t<\/section>\n\t\t\t\t<\/div>\n\t\t","protected":false},"excerpt":{"rendered":"<p>Facebook-f Twitter Linkedin Youtube Flickr Accueil Archives Mentions l\u00e9gales L&rsquo;Agence nationale des fr\u00e9quences (ANFR) est un \u00e9tablissement public de l\u2019\u00c9tat \u00e0 caract\u00e8re administratif&nbsp;plac\u00e9 aupr\u00e8s du ministre en charge des communications \u00e9lectroniques. Son si\u00e8ge est situ\u00e9 au 78, avenue du G\u00e9n\u00e9ral de Gaulle, 94704 MAISONS-ALFORT CEDEX. Le responsable de la publication du pr\u00e9sent site Internet, \u00e9dit\u00e9 [&hellip;]<\/p>\n","protected":false},"author":4,"featured_media":0,"parent":0,"menu_order":0,"comment_status":"closed","ping_status":"closed","template":"blank","meta":{"footnotes":""},"class_list":["post-94","page","type-page","status-publish","hentry"],"_links":{"self":[{"href":"https:\/\/conference.anfr.fr\/index.php?rest_route=\/wp\/v2\/pages\/94","targetHints":{"allow":["GET"]}}],"collection":[{"href":"https:\/\/conference.anfr.fr\/index.php?rest_route=\/wp\/v2\/pages"}],"about":[{"href":"https:\/\/conference.anfr.fr\/index.php?rest_route=\/wp\/v2\/types\/page"}],"author":[{"embeddable":true,"href":"https:\/\/conference.anfr.fr\/index.php?rest_route=\/wp\/v2\/users\/4"}],"replies":[{"embeddable":true,"href":"https:\/\/conference.anfr.fr\/index.php?rest_route=%2Fwp%2Fv2%2Fcomments&post=94"}],"version-history":[{"count":211,"href":"https:\/\/conference.anfr.fr\/index.php?rest_route=\/wp\/v2\/pages\/94\/revisions"}],"predecessor-version":[{"id":3537,"href":"https:\/\/conference.anfr.fr\/index.php?rest_route=\/wp\/v2\/pages\/94\/revisions\/3537"}],"wp:attachment":[{"href":"https:\/\/conference.anfr.fr\/index.php?rest_route=%2Fwp%2Fv2%2Fmedia&parent=94"}],"curies":[{"name":"wp","href":"https:\/\/api.w.org\/{rel}","templated":true}]}}